he prime factors of 89443.
89443
What are the prime factors of 11124?
2, 3, 103
List the prime factors of 1188.
2, 3, 11
What are the prime factors of 2108?
2, 17, 31
List the prime factors of 1075.
5, 43
What are the prime factors of 17106?
2, 3, 2851
List the prime factors of 18685.
5, 37, 101
What are the prime factors of 52739?
23, 2293
List the prime factors of 45206.
2, 7, 3229
What are the prime factors of 2433?
3, 811
What are the prime factors of 307?
307
List the prime factors of 305.
5, 61
List the prime factors of 967.
967
What are the prime factors of 1462?
2, 17, 43
What are the prime factors of 1172?
2, 293
List the prime factors of 61893.
3, 13, 23
List the prime factors of 215.
5, 43
What are the prime factors of 56456?
2, 7057
What are the prime factors of 1465?
5, 293
List the prime factors of 26450.
2, 5, 23
What are the prime factors of 461?
461
What are the prime factors of 12838?
2, 7, 131
List the prime factors of 914.
2, 457
What are the prime factors of 107272?
2, 11, 23, 53
What are the prime factors of 13066?
2, 47, 139
List the prime factors of 1692.
2, 3, 47
List the prime factors of 1745.
5, 349
List the prime factors of 81196.
2, 53, 383
List the prime factors of 6538.
2, 7, 467
What are the prime factors of 72708?
2, 3, 73, 83
What are the prime factors of 821?
821
List the prime factors of 1520.
2, 5, 19
List the prime factors of 47.
47
List the prime factors of 62851.
62851
List the prime factors of 55432.
2, 13, 41
What are the prime factors of 2383?
2383
What are the prime factors of 1064?
2, 7, 19
List the prime factors of 173897.
173897
What are the prime factors of 4729?
4729
What are the prime factors of 10148?
2, 43, 59
List the prime factors of 36054.
2, 3, 2003
List the prime factors of 20436.
2, 3, 13, 131
What are the prime factors of 35?
5, 7
List the prime factors of 999.
3, 37
List the prime factors of 39358.
2, 11, 1789
What are the prime factors of 101088?
2, 3, 13
What are the prime factors of 2258?
2, 1129
List the prime factors of 532.
2, 7, 19
What are the prime factors of 670?
2, 5, 67
List the prime factors of 19864.
2, 13, 191
What are the prime factors of 12895?
5, 2579
List the prime factors of 15498.
2, 3, 7, 41
What are the prime factors of 987?
3, 7, 47
What are the prime factors of 1636?
2, 409
What are the prime factors of 118297?
118297
What are the prime factors of 17020?
2, 5, 23, 37
What are the prime factors of 163?
163
What are the prime factors of 16792?
2, 2099
List the prime factors of 1670.
2, 5, 167
List the prime factors of 117665.
5, 101, 233
List the prime factors of 3355.
5, 11, 61
What are the prime factors of 3804?
2, 3, 317
What are the prime factors of 29184?
2, 3, 19
List the prime factors of 1100.
2, 5, 11
List the prime factors of 1209.
3, 13, 31
What are the prime factors of 1266?
2, 3, 211
What are the prime factors of 3057?
3, 1019
List the prime factors of 1380.
2, 3, 5, 23
List the prime factors of 149742.
2, 3, 47, 59
List the prime factors of 1253.
7, 179
What are the prime factors of 12068?
2, 7, 431
What are the prime factors of 940?
2, 5, 47
List the prime factors of 44281.
44281
What are the prime factors of 2797?
2797
What are the prime factors of 48525?
3, 5, 647
List the prime factors of 1269.
3, 47
What are the prime factors of 5456?
2, 11, 31
What are the prime factors of 3325?
5, 7, 19
List the prime factors of 75975.
3, 5, 1013
List the prime factors of 12116.
2, 13, 233
List the prime factors of 5240.
2, 5, 131
List the prime factors of 36464.
2, 43, 53
What are the prime factors of 1669?
1669
List the prime factors of 6279.
3, 7, 13, 23
List the prime factors of 2852.
2, 23, 31
List the prime factors of 119339.
11, 19, 571
What are the prime factors of 66616?
2, 11, 757
What are the prime factors of 12381?
3, 4127
What are the prime factors of 134963?
17, 467
List the prime factors of 36250.
2, 5, 29
What are the prime factors of 816?
2, 3, 17
List the prime factors of 7561.
7561
What are the prime factors of 1960?
2, 5, 7
What are the prime factors of 28?
2, 7
List the prime factors of 12783.
3, 4261
List the prime factors of 1192.
2, 149
List the prime factors of 313.
313
List the prime factors of 53265.
3, 5, 53, 67
What are the prime factors of 1949?
1949
What are the prime factors of 1893?
3, 631
List the prime factors of 3054.
2, 3, 509
List the prime factors of 3772.
2, 23, 41
What are the prime factors of 88531?
223, 397
What are the prime factors of 815?
5, 163
What are the prime factors of 12518?
2, 11, 569
What are the prime factors of 452?
2, 113
What are the prime factors of 3979?
23, 173
What are the prime factors of 1745?
5, 349
What are the prime factors of 22111?
22111
List the prime factors of 317.
317
What are the prime factors of 1046?
2, 523
What are the prime factors of 918?
2, 3, 17
What are the prime factors of 1285?
5, 257
What are the prime factors of 1973?
1973
What are the prime factors of 8383?
83, 101
List the prime factors of 9162.
2, 3, 509
What are the prime factors of 3720?
2, 3, 5, 31
List the prime factors of 2986.
2, 1493
List the prime factors of 24976.
2, 7, 223
List the prime factors of 3930.
2, 3, 5, 131
List the prime factors of 18073.
11, 31, 53
List the prime factors of 4235.
5, 7, 11
List the prime factors of 138540.
2, 3, 5, 2309
What are the prime factors of 7210?
2, 5, 7, 103
What are the prime factors of 7214?
2, 3607
List the prime factors of 6195.
3, 5, 7, 59
List the prime factors of 1761.
3, 587
What are the prime factors of 19539?
3, 13, 167
List the prime factors of 92513.
71, 1303
What are the prime factors of 13224?
2, 3, 19, 29
List the prime factors of 47139.
3, 19, 827
List the prime factors of 945.
3, 5, 7
List the prime factors of 10070.
2, 5, 19, 53
What are the prime factors of 543?
3, 181
List the prime factors of 1463.
7, 11, 19
List the prime factors of 21832.
2, 2729
List the prime factors of 2438.
2, 23, 53
What are the prime factors of 538?
2, 269
List the prime factors of 2468.
2, 617
What are the prime factors of 67844?
2, 7, 2423
What are the prime factors of 30179?
103, 293
What are the prime factors of 1036?
2, 7, 37
What are the prime factors of 17906?
2, 7, 1279
What are the prime factors of 149559?
3, 49853
What are the prime factors of 4474?
2, 2237
List the prime factors of 218.
2, 109
List the prime factors of 41.
41
List the prime factors of 5659.
5659
What are the prime factors of 37120?
2, 5, 29
What are the prime factors of 2069?
2069
What are the prime factors of 20428?
2, 5107
What are the prime factors of 16762?
2, 17, 29
List the prime factors of 523.
523
What are the prime factors of 6197?
6197
What are the prime factors of 11469?
3, 3823
List the prime factors of 8692.
2, 41, 53
List the prime factors of 4514.
2, 37, 61
List the prime factors of 13934.
2, 6967
What are the prime factors of 1183?
7, 13
List the prime factors of 12390.
2, 3, 5, 7, 59
What are the prime factors of 2337?
3, 19, 41
List the prime factors of 6661.
6661
List the prime factors of 1096.
2, 137
What are the prime factors of 18362?
2, 9181
List the prime factors of 2376.
2, 3, 11
What are the prime factors of 14010?
2, 3, 5, 467
List the prime factors of 5057.
13, 389
What are the prime factors of 10578?
2, 3, 41, 43
What are the prime factors of 367?
367
What are the prime factors of 214?
2, 107
List the prime factors of 47336.
2, 61, 97
What are the prime factors of 4282?
2, 2141
List the prime factors of 3138.
2, 3, 523
What are the prime factors of 2771?
17, 163
List the prime factors of 2456.
2, 307
What are the prime factors of 10509?
3, 31, 113
List the prime factors of 76.
2, 19
What are the prime factors of 34587?
3, 7, 61
List the prime factors of 4858.
2, 7, 347
List the prime factors of 2481.
3, 827
List the prime factors of 2654.
2, 1327
What are the prime factors of 168345?
3, 5, 29, 43
List the prime factors of 12816.
2, 3, 89
What are the prime factors of 43025?
5, 1721
List the prime factors of 1291.
1291
List the prime factors of 2041.
13, 157
What are the prime factors of 26115?
3, 5, 1741
List the prime factors of 18083.
13, 107
List the prime factors of 878.
2, 439
What are the prime factors of 33338?
2, 79, 211
List the prime factors of 712.
2, 89
Wh